{"id":27,"date":"2022-03-17T18:19:43","date_gmt":"2022-03-17T17:19:43","guid":{"rendered":"http:\/\/www.we-bati.fr\/index.php\/contact\/"},"modified":"2023-01-09T14:24:01","modified_gmt":"2023-01-09T13:24:01","slug":"contact","status":"publish","type":"page","link":"https:\/\/www.we-bati.fr\/index.php\/contact\/","title":{"rendered":"CONTACT"},"content":{"rendered":"\n    \n    <section class=\"u-clearfix u-image u-section-2\" id=\"sec-1e76\" data-image-width=\"1600\" data-image-height=\"1034\" style=\"background-image: url(&quot;https:\/\/www.we-bati.fr\/wp-content\/uploads\/2022\/03\/constructionbatiment.jpg&quot;);\">\n      <div class=\"u-clearfix u-sheet u-sheet-1\"><\/div>\n    <\/section>\n    <section class=\"u-align-center u-clearfix u-section-3\" id=\"sec-9ef9\">\n      <div class=\"u-clearfix u-sheet u-sheet-1\">\n        <h1 class=\"u-custom-font u-font-raleway u-text u-text-custom-color-1 u-text-default u-text-1\">Contact\u200b :<\/h1>\n        <div class=\"u-form u-form-1\">\n          <form action=\"https:\/\/www.we-bati.fr\/wp-content\/plugins\/nicepage\/templates\/form.php?id=27&formId=9ef9\" method=\"POST\" class=\"u-clearfix u-form-spacing-15 u-form-vertical u-inner-form\" style=\"padding: 15px;\" source=\"customphp\" name=\"form\" wtx-context=\"8EF5E1E3-7A0B-40D8-8898-E8C11409B581\">\n            <div class=\"u-form-group u-form-name u-label-none u-form-group-1\">\n              <label for=\"name-6797\" class=\"u-label\">Nom \/Pr\u00e9nom<\/label>\n              <input type=\"text\" placeholder=\"Nom\/Pr\u00e9nom\" id=\"name-6797\" name=\"nom\/pr\u00e9nom\" class=\"u-border-1 u-border-grey-30 u-input u-input-rectangle\" required=\"\" wtx-context=\"C9328E0D-5083-49E6-AF53-7D1048CEAE45\">\n            <\/div>\n            <div class=\"u-form-email u-form-group u-label-none u-form-group-2\">\n              <label for=\"email-6797\" class=\"u-label\">Email<\/label>\n              <input type=\"email\" placeholder=\"Email\" id=\"email-6797\" name=\"email\" class=\"u-border-1 u-border-grey-30 u-input u-input-rectangle\" required=\"\" wtx-context=\"3769A4B9-CF52-4EE2-8F6A-E44DE8A25C75\">\n            <\/div>\n            <div class=\"u-form-group u-form-message u-label-none u-form-group-3\">\n              <label for=\"message-6797\" class=\"u-label\">Votre message<\/label>\n              <textarea placeholder=\"Votre message\" rows=\"4\" cols=\"50\" id=\"message-6797\" name=\"message\" class=\"u-border-1 u-border-grey-30 u-input u-input-rectangle\" required=\"\"><\/textarea>\n            <\/div>\n            <div class=\"u-align-center u-form-group u-form-submit u-form-group-4\">\n              <a href=\"#\" class=\"u-border-5 u-border-hover-custom-color-1 u-btn u-btn-round u-btn-submit u-button-style u-custom-color-1 u-hover-white u-radius-50 u-text-hover-custom-color-1 u-btn-1\">ENVOYER<\/a>\n              <input type=\"submit\" value=\"submit\" class=\"u-form-control-hidden\" wtx-context=\"53D9BC55-1C19-44CE-9D23-FD902BF49323\">\n            <\/div>\n            <div class=\"u-form-send-message u-form-send-success\">Merci, votre demande a bien \u00e9t\u00e9 envoy\u00e9e.<\/div>\n            <div class=\"u-form-send-error u-form-send-message\">Erreur.<\/div>\n            <input type=\"hidden\" value=\"\" name=\"recaptchaResponse\" wtx-context=\"D00473D6-E180-4AD5-9739-540637693185\">\n          <\/form>\n        <\/div>\n        <p class=\"u-custom-font u-font-open-sans u-text u-text-2\"> Vous pouvez aussi nous contacter par email : <a href=\"mailto:contact@we-bati.fr?subject=Contact%20site%20internet\" class=\"u-active-none u-border-none u-btn u-button-link u-button-style u-hover-none u-none u-text-active-custom-color-1 u-text-custom-color-1 u-text-hover-custom-color-1 u-btn-2\">contact@we-bati.fr<\/a>, par t\u00e9l\u00e9phone au <a href=\"tel:0784139295 \" class=\"u-active-none u-border-none u-btn u-button-link u-button-style u-hover-none u-none u-text-active-custom-color-1 u-text-custom-color-1 u-text-hover-custom-color-1 u-btn-3\">07 84 13 92 95<\/a>, et par courrier en nous \u00e9crivant \u00e0 :&nbsp;&nbsp;<span style=\"font-weight: 700;\">WE-BATI - 1, Rue de Bellevue, 44880 SAUTRON<\/span>\n        <\/p>\n      <\/div>\n    <\/section>\n    \n    \n  \n","protected":false},"excerpt":{"rendered":"<p>Contact\u200b : Nom \/Pr\u00e9nom Email Votre message ENVOYER Merci, votre demande a bien \u00e9t\u00e9 envoy\u00e9e. Erreur. Vous pouvez aussi nous contacter par email : contact@we-bati.fr, par t\u00e9l\u00e9phone au 07 84 13 92 95, et par courrier en nous \u00e9crivant \u00e0 :&nbsp;&nbsp;WE-BATI &#8211; 1, Rue de Bellevue, 44880 SAUTRON<\/p>\n","protected":false},"author":1,"featured_media":0,"parent":0,"menu_order":4,"comment_status":"closed","ping_status":"closed","template":"","meta":{"footnotes":""},"class_list":["post-27","page","type-page","status-publish","hentry"],"_links":{"self":[{"href":"https:\/\/www.we-bati.fr\/index.php\/wp-json\/wp\/v2\/pages\/27","targetHints":{"allow":["GET"]}}],"collection":[{"href":"https:\/\/www.we-bati.fr\/index.php\/wp-json\/wp\/v2\/pages"}],"about":[{"href":"https:\/\/www.we-bati.fr\/index.php\/wp-json\/wp\/v2\/types\/page"}],"author":[{"embeddable":true,"href":"https:\/\/www.we-bati.fr\/index.php\/wp-json\/wp\/v2\/users\/1"}],"replies":[{"embeddable":true,"href":"https:\/\/www.we-bati.fr\/index.php\/wp-json\/wp\/v2\/comments?post=27"}],"version-history":[{"count":6,"href":"https:\/\/www.we-bati.fr\/index.php\/wp-json\/wp\/v2\/pages\/27\/revisions"}],"predecessor-version":[{"id":269,"href":"https:\/\/www.we-bati.fr\/index.php\/wp-json\/wp\/v2\/pages\/27\/revisions\/269"}],"wp:attachment":[{"href":"https:\/\/www.we-bati.fr\/index.php\/wp-json\/wp\/v2\/media?parent=27"}],"curies":[{"name":"wp","href":"https:\/\/api.w.org\/{rel}","templated":true}]}}